- 3*h - 3. Calculate c(q).
1
Let u(p) = 2*p**3 - 5*p**2 + 2*p + 4. Let k(a) = 4*a**3 - 10*a**2 + 4*a + 8. Let d(f) = 4*k(f) - 7*u(f). Give d(3).
19
Let r(q) = -q**2 + 20*q + 130. Let j be r(25). Let b(l) be the first derivative of 1/3*l**3 - 1 - 2*l**2 + l. Calculate b(j).
6
Suppose -2*j = g + 7, -2*g + 4*j + 33 = 7. Suppose 7*c - 31 = g*c + 3*a, -2*c - a = -3. Let q(k) = 6 - 4*k - k + 4*k. What is q(c)?
2
Let l(v) = -v**2 + 3*v + 16. Suppose -4 = u - 8. Suppose -3*s = u*o - 18, 3*s + o = 6*s - 18. Let w be l(s). Let g(r) = -r**2. What is g(w)?
-4
Let p(z) = 6*z**2 + 9*z. Let d(r) = r**2 + r. Let f(h) = -5*d(h) + p(h). Let c be -1*((-3)/(-3) + 1). Let u be (7/14)/(c/12). What is f(u)?
-3
Let z(s) = -5*s - 21. Let b be 32/(-4) + (-1)/(5/(-40)). Give z(b).
-21
Let i(p) be the first derivative of p**3/3 + 3*p**2 + 4*p + 156. Let r = 3 + -9. Determine i(r).
4
Let k(w) be the first derivative of -w**7/840 + w**6/120 + w**5/24 - w**4/8 + 5*w**3/3 + 14. Let d(r) be the third derivative of k(r). Give d(3).
12
Let c(w) = 21*w - 39. Let n be c(2). Let o(q) = -2*q**2 + 3*q - 4. Calculate o(n).
-13
Let j(d) be the first derivative of -d**5/120 - d**4/24 + 2*d**3/3 - 2. Let q(o) be the third derivative of j(o). Let z be (4/(-7))/((-9)/(-63)). Give q(z).
3
Let a(r) be the third derivative of -5*r**4/24 - r**3/2 - 35*r**2. What is a(3)?
-18
Suppose 3*l = 6*l - 60. Suppose 3*o - 4 = 4*g, 4 = -5*g - o - l. Let d be (-6)/g - (-20)/8. Let m(j) = j**3 - 4*j**2 - 3*j + 6. Calculate m(d).
-6
Let z(w) = 7*w - 2. Let y = 273 - 270. Calculate z(y).
19
Let m be (8 - 1)*(-12)/(-14). Let w = m - 10. Let g(p) be the third derivative of p**6/120 + p**5/15 + p**4/8 + p**3 - 114*p**2. What is g(w)?
-6
Let u(b) = b - 8. Suppose 49*z - 349 - 141 = 0. What is u(z)?
2
Let v(c) be the first derivative of -c**4/4 - c**3/3 + 266. What is v(-2)?
4
Let c(o) = -o**3 - 7*o**2 - 6*o + 4. Let u = 11 - -7. Let f be 1/(-2) - u/4. Calculate c(f).
-16
Let c be 30/50*195/9. Let l(t) = t**3 - 13*t**2 + 2*t - 19. Calculate l(c).
7
Let b(x) = 3*x**3 + 20*x**2 + 24*x + 7. Let s(d) = 4*d**3 + 21*d**2 + 26*d + 8. Let y(z) = -5*b(z) + 4*s(z). Determine y(17).
14
Suppose 0 = s + 2*s. Suppose s = -k - v + 3, -4 = -k - 3*v - 5. Suppose 0*r = -k*r - 10. Let n(c) = c + 4. Give n(r).
2
Let w(i) = 1 - 6*i + 2*i - 52*i**3 + 53*i**3 + 5*i + 7*i**2. Calculate w(-7).
-6
Let h(n) be the first derivative of n**4/4 - 5*n**3/3 - 3*n**2 - 4*n + 2. Suppose 0 = -7*b + 180 + 16. Suppose 4*c = -4*p + 1 + 31, -c - b = -5*p. What is h(p)?
-4
Let k(x) = -x**2 - 2*x - 22. Let j be 1*0*(2 - 6/6). Calculate k(j).
-22
Let f(g) = 6*g + 0*g**2 - 2*g**2 + g**2 + 2*g**2. Let w be f(-5). Let n = w + 5. Let h(z) = -z**2 - z + 5. Calculate h(n).
5
Let y(s) = 1 + 3*s**3 - 4*s**2 + 3*s - 2*s**3 + 1. Let u = 1 - -8. Suppose l + 2*l = u. What is y(l)?
2
Let x = -3 + 2. Let m(s) be the first derivative of -7*s**4/12 - s**3/6 - s**2/2 + 4*s - 3. Let r(v) be the first derivative of m(v). What is r(x)?
-7
Suppose 10*c + 6 = 8*c. Let h(p) = 1 + 2*p + 0*p**3 + 3*p**3 + 0 - 4*p**3 - 2*p**2. What is h(c)?
4
Let f(n) = -n**2 + 5*n + 1. Let q = -492 + 498. Calculate f(q).
-5
Let x(u) = 4*u - 54. Let h be x(14). Let s(m) be the first derivative of 1/3*m**3 - 3/2*m**h + 3*m - 3. Calculate s(3).
3
Let g(h) = h**3 - 8*h**2 + h - 1. Let j be g(0). Let x(s) = 39*s**3 + 2*s**2 - 1. Calculate x(j).
-38
Let h = 154 - 81. Let u = h + -74. Let m(q) = -3*q. Determine m(u).
3
Suppose 2 = -2*g + 38. Suppose -3*u + 3 = g. Let c = -7 - u. Let x(f) = -6*f - 3. What is x(c)?
9
Let p(h) = -4 - 228*h + 3 + 221*h. Let t be 1/2*6 - -2. Suppose 0 = -f - 4*f - t. Give p(f).
6
Let g(r) = r**2 - 4*r - 5. Let c be g(-2). Let l(i) = -i + 9. Let z be l(c). Let v(b) = -4*b**2 - 2*b - 4*b**3 + 5*b**3 + 1 + z*b**2 - 2*b. What is v(3)?
-2
Let a be 0/(-1) + 12 + -19. Suppose -4*i = i - 30. Let w(m) = -4*m - 2*m + 4*m - i. What is w(a)?
8
Let b(p) = -p**2 + 6*p + 6. Suppose -8 = -4*k, 0*q + 5*q + k + 68 = 0. Let o be (-222)/(-42) + 4/q. Calculate b(o).
11
Let c(i) = -2 + 4*i + 4*i - 5*i. Suppose -4*w + 9*j = 7*j - 18, -27 = -3*w - 3*j. Calculate c(w).
16
Let t be (28 + -4)/(-8)*(-3 + 2). Let l(o) = 2*o. Let h(d) = -1. Let k(g) = -h(g) - l(g). Give k(t).
-5
Let n(b) = -b**2 + 2*b + 6. Suppose 0 = -4*z - 18 + 6. Suppose 86*c = 83*c + 9. Let w be (c/z)/(5/(-25)). Determine n(w).
-9
Suppose -6 = -175*x + 181*x. Let w(n) be the second derivative of n**4/2 + 4*n. Calculate w(x).
6
Suppose -5*s - 2*p + 40 = -6*p, -3*s = 4*p + 8. Let q(h) = 7*h - 2. Calculate q(s).
26
Let u(j) = -2*j - 1. Let m(f) = f. Let o(v) = 3*m(v) + u(v). Let w be o(6). Let p(a) = 3*a - 2 - w*a + 6 + 3*a. Calculate p(-2).
2
Let u(j) = 3*j**2 - 8*j - 16. Let r(q) = q**2 - 4*q - 7. Let n(c) = -13*r(c) + 6*u(c). Calculate n(2).
23
Let k be -7 + 6 + (16 - 11). Let s(l) be the third derivative of -1/30*l**5 + 1/3*l**3 + 1/24*l**k + 0 + 0*l + 11*l**2. What is s(-2)?
-8
Suppose 2 = -3*u - 1. Let i be 4 + (u + -3 - -1). Let s = i + -1. Let f(b) = b - 6. Give f(s).
-6
Let a = -45 - -237. Let h(f) = 2 - 3 + 3 - f**2 - 191*f + a*f. Give h(3).
-4
Let p(g) = -11*g - 1. Let w(z) = 2*z**3 - 16*z**2 - 19*z + 8. Let q be w(9). Determine p(q).
10
Let o(p) be the second derivative of -p**5/20 - 2*p**4/3 - 3*p**3/2 - 4*p**2 + 30*p. What is o(-7)?
6
Suppose 0 = -3*q - 13 - 2. Let n(r) = 2*r + 764 + 758 - 1515. What is n(q)?
-3
Let f(h) be the first derivative of 5*h + 1/3*h**3 - 13/2*h**2 - 35. Determine f(13).
5
Let l(y) be the third derivative of y**6/120 - y**5/15 + y**4/3 - 5*y**3 - 569*y**2. Give l(4).
2
Let w(t) be the third derivative of -t**5/60 - 19*t**3/6 + 333*t**2. What is w(0)?
-19
Let y(v) = v**3 + 2*v**2 - 3*v - 4. Let b be y(-3). Let g(f) = -1478*f**2 - 3*f + 8*f + 1480*f**2 - 2. What is g(b)?
10
Suppose -20*h + 8*h = 120. Let o(l) = 3*l + 25. Determine o(h).
-5
Let z(t) be the first derivative of t**3/3 + 5*t**2/2 - 8*t - 59. Give z(-7).
6
Let m(z) = -4*z + 1. Suppose 2*b - 6*b + 4 = 0. Suppose 3*p = -3*a, b = -4*p - 5*a - 0. Determine m(p).
-3
Let m(q) = -q + 30. Let w(k) = -5*k + 15. Let v be w(3). Give m(v).
30
Suppose 0 = 4*l - 3*l - u - 4, 2*u = l - 4. Let g(p) = 2 + 3*p**3 + 4*p - 4*p**3 + 3*p**2 + 0*p. What is g(l)?
2
Let r(a) = -6*a**2. Let z be 6/14 - (-240)/(-168). Calculate r(z).
-6
Suppose 2*i = -4*a + 230, -3*i + 0*a = -a - 338. Let m = 112 - i. Let f(r) = 17*r. What is f(m)?
-17
Let q(g) = g + 6. Let x(l) = -l + 5. Let s(a) = a**3 - 3*a - 2*a - 1 + a + a + 3*a**2. Let f be s(-3). Let h be x(f). What is q(h)?
3
Let i be 1/8*2 - 438/(-8). Let u(c) = c + 31 + 23 - i. What is u(-4)?
-5
Let i(s) = -2*s**3 + 10*s**2 + 3*s + 10. Let t(v) = v**3 - v**2 - v - 1. Let q(y) = -i(y) - 3*t(y). What is q(-7)?
-7
Let g be 8 - (11 - 9) - 1*2. Let s(z) be the third derivative of 0 - 5/6*z**3 + 1/60*z**5 + 1/8*z**g + 0*z - 3*z**2. Calculate s(-4).
-1
Let k(d) be the first derivative of -d**4/4 - 2*d**3 - 5*d**2/2 - d + 84. Calculate k(-4).
-13
Let g(n) = -n**3 + 11*n + 15*n**2 - 29*n**2 + 5*n**2 - 10. Give g(-10).
-20
Let p = 3 + -1. Suppose p*x + 42 = -3*x + 3*u, 8 = 2*x + 5*u. Let q(v) = 7*v + 4*v**3 - 1 - 2 - 3*v**3 + 7*v**2 + 4. Determine q(x).
-5
Let h(x) = 16*x + 11. Let w(q) = -q**2 - 9*q - 16. Let a be w(-3). Let n(t) = -3*t - 2. Let l(i) = a*h(i) + 11*n(i). Let m = -15 - -11. Give l(m).
4
Let z(w) be the first derivative of -3*w + 1/2*w**2 + 5. What is z(6)?
3
Let p = 102 - 96. Let g(z) = -3*z + 16. What is g(p)?
-2
Let g(k) = -k**2 + 11*k + 36. Let f be g(13). Let x(n) = n**2 - 9*n + 3. Give x(f).
13
Suppose -b = -5*q + 4*q + 10, -4*q = -4. Let c(r) = -r - 13. Give c(b).
-4
Let d(a) = -a**3 + a**2 + a + 2. Let i = 668 - 671. What is d(i)?
35
Let q(y) = 21 + 17808*y - 17812*y - 8. Determine q(3).
1
Let r(m) = m**3 - 7*m**2 + 7*m - 8. Let a(t) = -12*t**3 + 14*t**3 - 15 - 3*t**3 - 7*t**2 - 3*t. Let w be a(-7). Determine r(w).
-2
Let b(y) = y**3 - 7 + 4*y**2 - 2*y**2 + 2*y**2 + 4*y**2 - 6*y - 4*y**2. Let s(o) = -o**2 - 6*o. Let p be s(-6). Suppose p = a + 7 - 2. Give b(a).
-2
Let t(j) = -j**2 + 10*j + 15. Let o(z) = 3*z**2 - 22*z + 18. Let d be o(7). Give t(d).
4
Let w be 2/(-8)*0*11/121. Let b(h) = h**3 - 5*h**2 - 6. Let d(q) = -q**2 - 1. Let n(a) = -b(a) + 6*d(a). Determine n(w).
0
Suppose -2*l = 14*l - 48. Let 